me factors of i(16)?
2, 3, 179
Suppose 673*z + 2 = 674*z. Suppose j + 2*d = -3*d + 149, 5*j - z*d - 772 = 0. What are the prime factors of j?
2, 7, 11
Suppose 193*y - 1115183 - 3162586 - 1852297 = 0. List the prime factors of y.
2, 15881
Suppose -i + 10 = f, f - 38 = -78*i + 73*i. List the prime factors of (38 - -6 - 7) + i.
2, 11
Suppose -4*u = -8*u + 20. Suppose u*j - 38 = 47. List the prime factors of -11 - -9 - (-2 - j).
17
Let p(c) = 3*c**3 - 3*c**2 + 2. Let f be p(2). Let u = -651 + 1195. Suppose -f*n = -10*n - u. What are the prime factors of n?
2, 17
Let g = -57 + 80. Suppose 3*p + g - 65 = 0. Let c(j) = -j**3 + 12*j**2 + 34*j + 12. What are the prime factors of c(p)?
2, 3
List the prime factors of (1/14 - (-889)/(-98) - -11) + 32293.
3, 5, 2153
Let z be 1 - (-3 - -7 - 124). Suppose -b - 2*d + 80 = 0, -5*b - z = d - 494. Let p = b - 69. List the prime factors of p.
5
Let n(l) = 23*l + 2765. What are the prime factors of n(-53)?
2, 773
Let g(l) = -l**3 - 10*l**2 - l - 7. Let o be g(-10). Suppose 0*j = -2*j - 6, 0 = -5*q + o*j + 634. What are the prime factors of (q - 2) + 2 + (-4)/(-2)?
127
Let h = -14486 - -36666. List the prime factors of h.
2, 5, 1109
Let n(j) = -43 + j**3 + 14*j**2 - 6*j + 48 + j. Let m be n(-13). Let s = -126 + m. List the prime factors of s.
113
Let j(h) = -h**2 + 4*h - 13. Let f be j(6). Let u(c) = 2*c**2 - 3*c + 20. Let r be u(8). Let v = f + r. List the prime factors of v.
3, 11
Let q = 2523 + 314. List the prime factors of q.
2837
Suppose 4*w = 2*p + 136346, -11*w + 6*w + 2*p = -170435. List the prime factors of w.
3, 11, 1033
Suppose 2*f - 5 = -0*f + o, -3 = -2*f - o. Suppose 5*x + 530 = n + 178, -4*x = -f*n + 680. What are the prime factors of n?
2, 83
Let n(w) = w**3 + 66*w**2 - 123*w - 68. What are the prime factors of n(-60)?
2, 13, 139
Let k be (-13)/(13/(-74)) + 5. Let f be (0 - 0)/1 + 37. Let d = k - f. What are the prime factors of d?
2, 3, 7
What are the prime factors of -7 - (7 + -7703 + 6)?
3, 13, 197
Suppose -2*k + 20551 = -3*j, 0 = -3*k + 4*j + 21413 + 9412. List the prime factors of k.
10271
Let u(z) = -9*z**2 - 8*z - 39. Let d(m) = -10*m**2 - 8*m - 41. Let w(r) = 6*d(r) - 7*u(r). List the prime factors of w(-12).
3, 11
Suppose 6*b - 5*b + 45 = 2*o, 4*b + 3*o + 180 = 0. Let g = 45 + b. What are the prime factors of 64/(-8)*(g + (-37)/2)?
2, 37
Suppose 18*w - 220197 = 328641. What are the prime factors of w?
30491
Let c(k) = 24*k**3 + 7*k**2 - 21*k + 58. What are the prime factors of c(4)?
2, 811
Suppose 7*w = 6*w + 6. Suppose a = 4*a - w. Suppose -3*r + i + i = -129, 43 = r - a*i. List the prime factors of r.
43
Suppose 2*g + 3*r = 12, -5*r - 13 = 5*g - 38. Suppose -7 = g*t + 5. List the prime factors of (3 - 5)/(t/256).
2
Let h be (5 - (-24)/(-14)) + 4/(-14). Suppose 4*l - h*p = 201 + 258, 3*p + 15 = 0. List the prime factors of l.
3, 37
Let a(z) = -5*z**3 - 6*z**2 + 18*z + 3. Let m be a(-5). Let d = m - 316. List the prime factors of d.
2, 3
Let v(d) = -d**3 - 14*d**2 - 18*d + 8. Let o be 7/(-2)*(-12)/14. Suppose p = -3*s - 7, o*p - 8*p - 59 = 3*s. List the prime factors of v(p).
73
Let q(i) = -3 - 3*i - 1 + 2 + 44*i**2. Let b be q(2). Suppose b = 7*m - 4*m. What are the prime factors of m?
2, 7
Suppose 2*o - 15 = -3*w, -2*o = 2*o - w - 9. Let u(c) = -c**3 - c**2 - 34 - 5*c + 43 + 2*c**o - 7*c. List the prime factors of u(6).
3, 13
Let a = -793 - -1349. Suppose -2*v + 4163 - a = 3*u, -4*v + 4*u = -7204. List the prime factors of v.
2, 17, 53
Suppose -5*w - 5*v + 0 - 5 = 0, 5*v = 0. Let x be (9*1/(-2))/(w/144). Let l = x + -411. What are the prime factors of l?
3, 79
Suppose -19984 = -4*o - 4*n, 7*o - 2*o - 4*n - 24935 = 0. List the prime factors of o.
7, 23, 31
Suppose -3*z = -2*x - 17009, -45351 = -8*z - 22*x + 21*x. List the prime factors of z.
5669
Suppose -154769 + 448956 = 159*v - 3732170. What are the prime factors of v?
3, 23, 367
Let h = -26 + 18. Let q be (-2)/(-1 + h/(-10)). Suppose 0 = -q*b + 14*b - 72. List the prime factors of b.
2, 3
Let d(p) = 4*p**2 - 12*p - 120. Let c(t) = 2*t**2 - 12*t - 119. Let s(v) = -3*c(v) + 2*d(v). What are the prime factors of s(14)?
677
Suppose 0 = -w - w - 234. Let j be 6*(-11)/33 - (-3 - 222). Let v = w + j. List the prime factors of v.
2, 53
Let v(x) = 6*x - 28. Let y(s) = 11*s - 55. Let b(q) = 7*v(q) - 3*y(q). Let f be b(17). Suppose -f = -6*j - 32. List the prime factors of j.
3, 5
Let v be (-6 - (-22)/4)*-18. Suppose 0 = v*p - 201 - 114. List the prime factors of p.
5, 7
Let n = 93357 - 42368. List the prime factors of n.
50989
Let b be 63/(-147) + 124/28. Suppose t = b*x + 840, -t + 54 + 779 = 3*x. What are the prime factors of t?
2, 11, 19
Let m(h) = 2*h**3 - 4*h**2 - 2*h. Let r be m(5). Suppose 3*s - r = -653. Let g = -113 - s. List the prime factors of g.
2, 29
Suppose 2*v + 45 = 59, 119124 = 5*g + 2*v. List the prime factors of g.
2, 43, 277
Suppose 4*q = 5*j - 2*j - 2975, -j + 980 = q. Suppose -5*a + 6517 = -2*s, -3*a + 2928 = -4*s - j. What are the prime factors of a?
1303
Let b(h) = 3*h**2 + 76*h - 115. What are the prime factors of b(-27)?
2, 5
Let m(r) = 2*r**2 + 14*r. Let n be m(-7). What are the prime factors of -2 - ((-1 - n) + -1087) - 4?
2, 541
Let l(g) = -79*g + 0*g**2 + g**2 - 2 + 33*g - 5. List the prime factors of l(-5).
2, 31
Let r(a) = a**3 + 2*a**2 - 9*a. Let d be r(-4). Suppose 340 = 4*o - d*t, 56 = 2*o + 5*t - 142. What are the prime factors of o?
89
Suppose 2*m = -3*i + 16706, -57*i = -2*m - 53*i + 16692. List the prime factors of m.
2, 5, 167
Suppose -6386 = -2*l + 2*x, 4*l + 10*x - 12772 = 8*x. List the prime factors of l.
31, 103
Suppose 0 = -217*o + 4391323 + 1530607. What are the prime factors of o?
2, 5, 2729
Suppose 3*o + 8 = -2*i + 4*o, -2*o + 14 = -3*i. List the prime factors of (0 - i)*2*(-31)/(-4).
31
Let h = 1602 + -685. Let k = -452 + h. List the prime factors of k.
3, 5, 31
Suppose -3*n + 0 + 168 = 0. Let f = n + -186. What are the prime factors of 75/7 + f/35 + 4?
11
Let d(y) = 69*y**2 - 695*y + 5. Let s be d(10). Let g(l) = -35*l + 7. Let h be g(5). Let c = s - h. List the prime factors of c.
3, 41
Let h(t) = 2*t**3 - 6*t**2 + 34*t - 557. List the prime factors of h(16).
7, 13, 73
Suppose 3*y + 2*j = -69, 0 = -3*j + 12 - 3. Let d = y - -22. What are the prime factors of (-3)/d - (1 + -35)?
5, 7
Suppose 0*m - 3*i = m - 37, -2*m + 3*i + 29 = 0. Suppose k = 19 - 4. Let w = m + k. What are the prime factors of w?
37
Let g = 28202 + 13283. What are the prime factors of g?
5, 8297
Let i be (-10)/(-5) + -7 - 4. Let l be -5*9/(-30) + i/(-2). Suppose -5*t - b + l*b = -570, 561 = 5*t - 2*b. List the prime factors of t.
3, 37
Let a(i) = -26*i**2 + 7. Let g(m) = 27*m**2 - m - 6. Let t(x) = 4*a(x) + 5*g(x). Let o be t(3). Let j = o + -78. What are the prime factors of j?
2, 23
List the prime factors of (-124)/(-66)*20571 + 204/(-374).
2, 4831
Let l(d) = 38893*d + 284. List the prime factors of l(1).
3, 1451
Let i(o) = 33*o**2 - o + 8. Let p be i(-5). Suppose 0 = 10*f - 932 - p. Suppose 0 = -2*l + 2*d + 156, -f = -4*l - 5*d + 135. List the prime factors of l.
2, 3, 13
List the prime factors of (4 - 4) + 0 - 11/(-22)*23326.
107, 109
What are the prime factors of 13/(-6) - 16808767/(-222)?
11, 6883
Let n be 18/171 + (-378)/(-19). Suppose -171 = -n*w + 29. What are the prime factors of w?
2, 5
Let d(c) = 134*c**2 - 3*c - 3. Let y be d(-3). Suppose -86*b + y = -83*b. List the prime factors of b.
2, 101
List the prime factors of (-4)/(-54) - 10572474/(-1782).
17, 349
Suppose -3*c = 2*k - 2435 - 2256, -5 = c. Let y = k + -1577. List the prime factors of y.
2, 97
Let l be (-6)/(-14) + 144/(-42). Let m = 2 + l. List the prime factors of (-140)/6*(0 + 3)*m.
2, 5, 7
Suppose 4 - 10 = -6*d. Suppose -n + d = -1. Suppose n*m = 58 + 26. What are the prime factors of m?
2, 3, 7
Let x(l) = -l**3 - 14*l**2 + 2. Let h be x(-14). Let z(u) be the first derivative of 46*u**3/3 - 5*u**2/2 - 8. List the prime factors of z(h).
2, 3, 29
Suppose -98*q = -97*q - 3826. Suppose 3972 = 14*w - q. List the prime factors of w.
557
Let w(d) = -257*d - 958. List the prime factors of w(-112).
2, 13913
Let g be (8/(-6))/(6/18 - 1). Suppose -1998 = -5*x - 5*p - 213, -1086 = -3*x + g*p. List the prime factors of x.
2, 3, 5
Let l(c) = -736*c - 1239. What